Let s(z) = -z**3 + 7*z**2 + 10*z - 4. Calculate the remainder when 59 is divided by s(8).
11
Let s(p) = 9*p**2 + 98*p + 36. What is the remainder when s(-13) is divided by 72?
67
Let z = -168 - -205. What is the remainder when 121 is divided by z?
10
Suppose -f = c - 3, -3 = f - 4*c + 2*c. Let o be -5*((-1)/f - 0). Suppose o*d + 0 = 15. What is the remainder when 5 is divided by d?
2
Let a = -54 + 145. Suppose 0 = -2*b + 9*b - a. What is the remainder when b is divided by 9?
4
Suppose 0 = -2*g - p + 84, -53*g + 51*g + 2*p = -84. Calculate the remainder when 1174 is divided by g.
40
Let v(o) = o**3 + 4*o**2 - 33*o. Let x be -3*3/3 + -5. What is the remainder when 52 is divided by v(x)?
4
Let s(a) = 10*a. Let v be s(-1). Let k = v - -19. What is the remainder when k is divided by 6?
3
Let v(n) = -n**3 + 8*n**2 - 5*n - 10. Let l be v(7). Suppose -5*a + 19 - l = 0, 3*t + 3*a = 54. Calculate the remainder when 24 is divided by t.
9
Suppose 5*u + 555 = 5*a, -4*u = -4*a + 2*a + 224. Suppose 39*j = 34*j + a. Let q = 1 - -5. What is the remainder when j is divided by q?
4
Suppose a - 6*a = 4*t - 116, -t = 4*a - 84. What is the remainder when 86 is divided by a?
6
Let r(y) = -y**2 - y + 1. Let i(q) = 25 + 5*q**2 - 30 + 4*q + 6*q**2. Let o(v) = i(v) + 5*r(v). What is the remainder when o(2) is divided by 8?
6
Let r be 2/4 - (-8)/(-16). Suppose r*x = -5*x + 35. Let k(a) = 8*a + 19. What is the remainder when x is divided by k(-2)?
1
Let i(y) = 4*y**3 + y**2 + 2*y - 1. Let s be i(2). Suppose -s = -4*b + 29. Calculate the remainder when 67 is divided by b.
16
Suppose -20 = m - 3*m. Calculate the remainder when 116 is divided by m.
6
Suppose 92*o + 52 = 96*o. What is the remainder when (4*(-3)/18)/(4/(-306)) is divided by o?
12
Suppose 5*m - 124 = -2*f + 3*m, 12 = 4*m. Calculate the remainder when f is divided by 12.
11
Let m be 14/4 + (-1)/2. Let c(h) = 4*h. Calculate the remainder when (-3 - 0) + 50 - 1 is divided by c(m).
10
Let j(t) = -t**2 + 4*t + 5. Let r be j(4). Suppose -d - 252 = -r*d. What is the remainder when d is divided by 13?
11
Let s(b) = -b**2 + 7*b + 2. Let m be s(6). Let h be 1/4 - 529/(-92). Let x = m - h. Calculate the remainder when 4 is divided by x.
0
What is the remainder when 205 is divided by -26*(6 - 65/10)?
10
Suppose 0 = -m - 4 + 7. Suppose -12 = m*v, 0*f - 3*f - v = -20. What is the remainder when 1 + 30 + 1/(-1) is divided by f?
6
Suppose 288 - 354 = -3*t. What is the remainder when 125 is divided by t?
15
Suppose -24 + 167 = 4*z + x, 0 = 4*z - 2*x - 134. What is the remainder when z is divided by 19?
16
Let w be (((-1)/3)/1)/(20/(-120)). Suppose 9 = w*q - 4*u - 39, 3*q - 45 = -3*u. Calculate the remainder when 87 is divided by q.
15
Let s(w) = -2 + 0*w - w**2 + 3*w**2 - 2*w. Let t be ((-5)/15 + 0)*-9. What is the remainder when 38 is divided by s(t)?
8
Suppose 0 = -549*r + 551*r - 690. What is the remainder when r is divided by 28?
9
Let k = 32 - 18. Let v(w) = 21*w**2 - 2*w. Let c be v(2). Calculate the remainder when k is divided by (-2)/(-4)*c/5.
6
Let p(k) = 12*k**2 + 6 + 11 - 5 - k**3 - 7*k. What is the remainder when p(11) is divided by 20?
16
Suppose -64 + 6 = -g. Suppose -n = -2*m + 23, 3*n = -4*m + 3*m + 15. Calculate the remainder when g is divided by m.
10
Suppose 0 = 211*m - 207*m - 276. What is the remainder when m is divided by 36?
33
Suppose 5*q = 25, 4*z = -q - 4*q + 21. Suppose 0 = 5*m - 43 - 27. Calculate the remainder when m is divided by 3 - (-2 - -1*(z + 2)).
2
Suppose -4*f + 2*o + 5 = -13, 3*o = 5*f - 25. Calculate the remainder when f is divided by 1.
0
What is the remainder when (-3105)/27*(-6)/10 is divided by 27*(32/(-6))/(-4)?
33
Suppose 2*f - 7 = 7. Suppose 0 = -4*k + 125 - 33. What is the remainder when k is divided by f?
2
Calculate the remainder when (133 - 0) + (-51 - -50) is divided by 72.
60
Let i(n) = n**3 - 12*n**2 + 15*n + 6. What is the remainder when -1*((4 - 7) + 3) - -248 is divided by i(11)?
48
Suppose 22*r - 697 = 5*r. Let p(b) = -4*b + 3. Let m(d) = -20*d + 15. Let y(i) = 2*m(i) - 11*p(i). Calculate the remainder when r is divided by y(3).
5
Let y = -3 + 93. Calculate the remainder when y is divided by 48.
42
Suppose 0*d - 7 = -2*d + x, -x - 10 = -3*d. Calculate the remainder when 6 is divided by d.
0
Suppose g - 4 = -0*g. Suppose -84 = -g*c - 0*c. Calculate the remainder when 41 is divided by c.
20
Let g = 317 - 286. What is the remainder when 60 is divided by g?
29
Suppose 5*c + 5*d - 35 = 0, -1 + 11 = c + 4*d. Let b(x) = -2*x + 13. Calculate the remainder when (-1)/((9/(-2))/9) is divided by b(c).
0
Let z = 176 + -111. What is the remainder when 193 is divided by z?
63
Let b = 297 - 245. What is the remainder when b is divided by (-48)/(-10) + -5 - (-92)/10?
7
Suppose 9 + 11 = 5*g. Let u be g/20 - (-1)/(-5). Suppose u = -4*n + 296 - 36. What is the remainder when n is divided by 22?
21
Suppose -2*w + 11 = -5*q, 5*w - 3*q = -5*q + 71. Let f = w + -9. What is the remainder when 8 is divided by f?
0
Let m = 6 + 5. Calculate the remainder when -2 + (5/(-5) - -33) is divided by m.
8
Let i = -1127 + 1474. What is the remainder when i is divided by 70?
67
Let l = 230 + -218. Calculate the remainder when 50 is divided by l.
2
Let f(t) = -17*t + 30. Suppose -6*i + 16 = -4*i. Calculate the remainder when f(0) is divided by i.
6
Let w = -1454 + 1496. Let k(y) = -5*y**3 + y. Let s be k(-1). Suppose 6 - 15 = -h - 2*b, 43 = s*h + b. Calculate the remainder when w is divided by h.
9
Let h(w) = -w**2 - 11*w - 26. What is the remainder when 181 is divided by h(-6)?
1
Suppose 0 = -5*r - 24*r + 725. Calculate the remainder when 29 is divided by r.
4
Let u be 5 - (-5 - 4)/(-1). Calculate the remainder when 1/u + (-1 - 442/(-8)) is divided by 14.
12
Suppose -a = -7*a - 180. Suppose u - 6 = -0*u. What is the remainder when (-444)/a + (-1)/(-5) is divided by u?
3
Let w(q) = q - 2. Suppose 4*f = f - 222. Let v = -68 - f. What is the remainder when v is divided by w(5)?
0
Suppose 0 = 2*o - 414 + 374. Calculate the remainder when 25 is divided by o.
5
Let r(n) = 1. Let f(q) = -7*q + 4. Let u(b) = f(b) - 4*r(b). Let c(a) = 19*a + 1. Calculate the remainder when c(2) is divided by u(-2).
11
Suppose -30 = -12*u + 990. Calculate the remainder when 145 is divided by u.
60
Suppose -19*a + 20*a = 6. Suppose 13*n = a*n. Calculate the remainder when 31 is divided by -18*(3 + n + -4).
13
Let s(f) = f**2 - 4*f - 6. Suppose 0*m + p + 69 = m, -3*m + 206 = -2*p. Calculate the remainder when m is divided by s(7).
8
Suppose 0 = 2*r - l - 15, -10 = -0*r - r - 2*l. Suppose x = -r*x + 54. What is the remainder when 58 is divided by x?
4
Let r(q) = q**3 + 14*q**2 - 31*q + 80. What is the remainder when 80 is divided by r(-16)?
16
Suppose 0 = -26*g + 18*g + 56. Suppose 48 = 9*f - g*f. What is the remainder when 47 is divided by f?
23
Let v be (40/15)/8 + 20/3. Suppose v*m - 32 = 10. What is the remainder when m is divided by 4/1 + -4 + 2?
0
Let s be 42/18 + (-2)/(2 + 4). Suppose q + 9 + 16 = s*t, t - q - 11 = 0. What is the remainder when 51 is divided by t?
9
Suppose -5*p + 1055 = q, 0*p + 2*p = 3*q + 439. What is the remainder when p is divided by 24?
20
Let p(k) = -12*k**3 - k**2 + k. Let t be p(-1). Suppose -8*u = -5*s - t*u + 103, -3*s + 49 = -2*u. Calculate the remainder when 73 is divided by s.
16
Let g = -87 - -93. Calculate the remainder when 8 is divided by g.
2
Let s(z) = z**3 + 8*z**2 + 16*z + 1. Let f be s(-5). What is the remainder when 95 is divided by 47 + -2 + ((-64)/4)/f?
46
Let h = 147 - -400. What is the remainder when h is divided by 19?
15
Let c be (-45)/(-1) + -1 + -1. Let o = 71 - c. Calculate the remainder when o is divided by -8*((-35)/(-4))/(-7).
8
Let v(q) = q**2 - 23*q + 230. What is the remainder when v(18) is divided by 74?
66
Suppose 383*b - 378*b = 1360. Calculate the remainder when b is divided by 98.
76
What is the remainder when 26 is divided by 24/(-22)*(-8 - 40/(-16))?
2
Suppose 4*d - 312 = d. Suppose d = 2*t + 2*t. Calculate the remainder when t is divided by 15.
11
Let b = 17 + -2. Let i = 238 + -155. Let a = i - 10. Calculate the remainder when a is divided by b.
13
Suppose 73*q = 70*q. Suppose s = 5*f - 114, 0 = f - 0*f - 3*s - 20. What is the remainder when (-3)/1*((-86)/6 - q) 